[INFO] cloning repository https://github.com/caspark/2015-08-rust-half-a-game-piston-talk
[INFO] running `Command { std: "git" "-c" "credential.helper=" "-c" "credential.helper=/workspace/cargo-home/bin/git-credential-null" "clone" "--bare" "https://github.com/caspark/2015-08-rust-half-a-game-piston-talk" "/workspace/cache/git-repos/https%3A%2F%2Fgithub.com%2Fcaspark%2F2015-08-rust-half-a-game-piston-talk", kill_on_drop: false }`
[INFO] [stderr] Cloning into bare repository '/workspace/cache/git-repos/https%3A%2F%2Fgithub.com%2Fcaspark%2F2015-08-rust-half-a-game-piston-talk'...
[INFO] running `Command { std: "git" "rev-parse" "HEAD", kill_on_drop: false }`
[INFO] [stdout] 57348d6698647f461f5e307fbcacd4a36a542839
[INFO] checking caspark/2015-08-rust-half-a-game-piston-talk against master#cfbc6d4cf1acbac5c025acf8ed68929caa551df3 for pr-75494-beta
[INFO] running `Command { std: "git" "clone" "/workspace/cache/git-repos/https%3A%2F%2Fgithub.com%2Fcaspark%2F2015-08-rust-half-a-game-piston-talk" "/workspace/builds/worker-4/source", kill_on_drop: false }`
[INFO] [stderr] Cloning into '/workspace/builds/worker-4/source'...
[INFO] [stderr] done.
[INFO] validating manifest of git repo https://github.com/caspark/2015-08-rust-half-a-game-piston-talk on toolchain cfbc6d4cf1acbac5c025acf8ed68929caa551df3
[INFO] running `Command { std: "/workspace/cargo-home/bin/cargo" "+cfbc6d4cf1acbac5c025acf8ed68929caa551df3" "read-manifest" "--manifest-path" "Cargo.toml", kill_on_drop: false }`
[INFO] started tweaking git repo https://github.com/caspark/2015-08-rust-half-a-game-piston-talk
[INFO] finished tweaking git repo https://github.com/caspark/2015-08-rust-half-a-game-piston-talk
[INFO] tweaked toml for git repo https://github.com/caspark/2015-08-rust-half-a-game-piston-talk written to /workspace/builds/worker-4/source/Cargo.toml
[INFO] crate git repo https://github.com/caspark/2015-08-rust-half-a-game-piston-talk already has a lockfile, it will not be regenerated
[INFO] running `Command { std: "/workspace/cargo-home/bin/cargo" "+cfbc6d4cf1acbac5c025acf8ed68929caa551df3" "fetch" "--locked" "--manifest-path" "Cargo.toml", kill_on_drop: false }`
[INFO] [stderr] error: the lock file /workspace/builds/worker-4/source/Cargo.lock needs to be updated but --locked was passed to prevent this
[INFO] [stderr] If you want to try to generate the lock file without accessing the network, use the --offline flag.
[INFO] the lockfile is outdated, regenerating it
[INFO] running `Command { std: "/workspace/cargo-home/bin/cargo" "+cfbc6d4cf1acbac5c025acf8ed68929caa551df3" "generate-lockfile" "--manifest-path" "Cargo.toml" "-Zno-index-update", kill_on_drop: false }`
[INFO] running `Command { std: "/workspace/cargo-home/bin/cargo" "+cfbc6d4cf1acbac5c025acf8ed68929caa551df3" "fetch" "--locked" "--manifest-path" "Cargo.toml", kill_on_drop: false }`
[INFO] [stderr]  Downloading crates ...
[INFO] [stderr]   Downloaded tempfile v1.1.3
[INFO] [stderr]   Downloaded wayland-window v0.1.2
[INFO] [stderr]   Downloaded clock_ticks v0.0.6
[INFO] [stderr]   Downloaded glutin v0.3.7
[INFO] [stderr]   Downloaded piston-texture v0.2.3
[INFO] [stderr]   Downloaded dlib v0.1.1
[INFO] [stderr]   Downloaded wayland-client v0.2.1
[INFO] [stderr]   Downloaded x11-dl v2.0.1
[INFO] [stderr]   Downloaded piston2d-sprite v0.60.0
[INFO] [stderr]   Downloaded piston-ai_behavior v0.32.0
[INFO] [stderr]   Downloaded cocoa v0.23.0
[INFO] [stderr]   Downloaded wayland-kbd v0.2.1
[INFO] [stderr]   Downloaded khronos_api v0.0.7
[INFO] [stderr]   Downloaded piston-gfx_texture v0.2.0
[INFO] [stderr]   Downloaded pistoncore-window v0.8.0
[INFO] [stderr]   Downloaded pistoncore-event_loop v0.9.0
[INFO] [stderr]   Downloaded piston v0.9.0
[INFO] [stderr]   Downloaded pistoncore-glutin_window v0.11.0
[INFO] [stderr]   Downloaded piston2d-graphics v0.4.1
[INFO] [stderr]   Downloaded piston_window v0.14.0
[INFO] [stderr]   Downloaded pistoncore-input v0.4.0
[INFO] [stderr]   Downloaded piston2d-gfx_graphics v0.4.0
[INFO] running `Command { std: "docker" "create" "-v" "/var/lib/crater-agent-workspace/builds/worker-4/target:/opt/rustwide/target:rw,Z" "-v" "/var/lib/crater-agent-workspace/builds/worker-4/source:/opt/rustwide/workdir:ro,Z" "-v" "/var/lib/crater-agent-workspace/cargo-home:/opt/rustwide/cargo-home:ro,Z" "-v" "/var/lib/crater-agent-workspace/rustup-home:/opt/rustwide/rustup-home:ro,Z" "-e" "SOURCE_DIR=/opt/rustwide/workdir" "-e" "CARGO_TARGET_DIR=/opt/rustwide/target" "-e" "CARGO_HOME=/opt/rustwide/cargo-home" "-e" "RUSTUP_HOME=/opt/rustwide/rustup-home" "-w" "/opt/rustwide/workdir" "-m" "1610612736" "--user" "0:0" "--network" "none" "rustops/crates-build-env@sha256:a636fd89d022f18117e1dc8fb37a0a009933cdbbe082814857f0e2024962d47c" "/opt/rustwide/cargo-home/bin/cargo" "+cfbc6d4cf1acbac5c025acf8ed68929caa551df3" "metadata" "--no-deps" "--format-version=1", kill_on_drop: false }`
[INFO] [stderr] WARNING: Your kernel does not support swap limit capabilities or the cgroup is not mounted. Memory limited without swap.
[INFO] [stdout] aad5dd4e7f410c51176b45e66eef2e88deb5d96d91127fc1b9f7032b049d9efd
[INFO] running `Command { std: "docker" "start" "-a" "aad5dd4e7f410c51176b45e66eef2e88deb5d96d91127fc1b9f7032b049d9efd", kill_on_drop: false }`
[INFO] running `Command { std: "docker" "inspect" "aad5dd4e7f410c51176b45e66eef2e88deb5d96d91127fc1b9f7032b049d9efd", kill_on_drop: false }`
[INFO] running `Command { std: "docker" "rm" "-f" "aad5dd4e7f410c51176b45e66eef2e88deb5d96d91127fc1b9f7032b049d9efd", kill_on_drop: false }`
[INFO] [stdout] aad5dd4e7f410c51176b45e66eef2e88deb5d96d91127fc1b9f7032b049d9efd
[INFO] running `Command { std: "docker" "create" "-v" "/var/lib/crater-agent-workspace/builds/worker-4/target:/opt/rustwide/target:rw,Z" "-v" "/var/lib/crater-agent-workspace/builds/worker-4/source:/opt/rustwide/workdir:ro,Z" "-v" "/var/lib/crater-agent-workspace/cargo-home:/opt/rustwide/cargo-home:ro,Z" "-v" "/var/lib/crater-agent-workspace/rustup-home:/opt/rustwide/rustup-home:ro,Z" "-e" "SOURCE_DIR=/opt/rustwide/workdir" "-e" "CARGO_TARGET_DIR=/opt/rustwide/target" "-e" "CARGO_INCREMENTAL=0" "-e" "RUST_BACKTRACE=full" "-e" "RUSTFLAGS=--cap-lints=forbid" "-e" "CARGO_HOME=/opt/rustwide/cargo-home" "-e" "RUSTUP_HOME=/opt/rustwide/rustup-home" "-w" "/opt/rustwide/workdir" "-m" "1610612736" "--user" "0:0" "--network" "none" "rustops/crates-build-env@sha256:a636fd89d022f18117e1dc8fb37a0a009933cdbbe082814857f0e2024962d47c" "/opt/rustwide/cargo-home/bin/cargo" "+cfbc6d4cf1acbac5c025acf8ed68929caa551df3" "check" "--frozen" "--all" "--all-targets" "--message-format=json", kill_on_drop: false }`
[INFO] [stdout] 41be39a4b77c43b31ecf44b4147b6676caed2d6a67675dc9bdac9eced772286e
[INFO] [stderr] WARNING: Your kernel does not support swap limit capabilities or the cgroup is not mounted. Memory limited without swap.
[INFO] running `Command { std: "docker" "start" "-a" "41be39a4b77c43b31ecf44b4147b6676caed2d6a67675dc9bdac9eced772286e", kill_on_drop: false }`
[INFO] [stderr]    Compiling log v0.4.11
[INFO] [stderr]    Compiling cfg-if v0.1.10
[INFO] [stderr]     Checking libc v0.1.12
[INFO] [stderr]    Compiling khronos_api v3.1.0
[INFO] [stderr]     Checking piston-float v0.1.0
[INFO] [stderr]    Compiling khronos_api v0.0.8
[INFO] [stderr]    Compiling xml-rs v0.8.3
[INFO] [stderr]     Checking bitflags v0.3.3
[INFO] [stderr]    Compiling pkg-config v0.3.18
[INFO] [stderr]     Checking adler v0.2.3
[INFO] [stderr]    Compiling unicode-xid v0.2.1
[INFO] [stderr]     Checking bitflags v0.2.1
[INFO] [stderr]     Checking remove_dir_all v0.5.3
[INFO] [stderr]     Checking piston-float v1.0.0
[INFO] [stderr]    Compiling syn v1.0.39
[INFO] [stderr]     Checking lazy_static v0.1.16
[INFO] [stderr]     Checking shader_version v0.2.2
[INFO] [stderr]    Compiling khronos_api v0.0.7
[INFO] [stderr]    Compiling khronos_api v0.0.5
[INFO] [stderr]     Checking lzw v0.8.0
[INFO] [stderr]     Checking color_quant v1.0.1
[INFO] [stderr]     Checking byteorder v0.3.13
[INFO] [stderr]     Checking byteorder v0.4.2
[INFO] [stderr]     Checking glob v0.2.11
[INFO] [stderr]     Checking piston-texture v0.2.3
[INFO] [stderr]     Checking bitflags v0.1.1
[INFO] [stderr]     Checking read_color v0.1.0
[INFO] [stderr]     Checking piston-shaders_graphics2d v0.1.0
[INFO] [stderr]     Checking piston-texture v0.8.0
[INFO] [stderr]     Checking interpolation v0.2.0
[INFO] [stderr]     Checking find_folder v0.3.0
[INFO] [stderr]     Checking uuid v0.8.1
[INFO] [stderr]    Compiling num-traits v0.2.12
[INFO] [stderr]    Compiling num-integer v0.1.43
[INFO] [stderr]    Compiling num-iter v0.1.41
[INFO] [stderr]    Compiling num-bigint v0.3.0
[INFO] [stderr]    Compiling num-rational v0.3.0
[INFO] [stderr]     Checking miniz_oxide v0.4.1
[INFO] [stderr]     Checking draw_state v0.1.2
[INFO] [stderr]     Checking piston-viewport v0.1.0
[INFO] [stderr]     Checking vecmath v0.1.1
[INFO] [stderr]     Checking piston-viewport v1.0.0
[INFO] [stderr]     Checking vecmath v1.0.0
[INFO] [stderr]     Checking dlib v0.1.1
[INFO] [stderr]     Checking gl_common v0.1.0
[INFO] [stderr]     Checking gif v0.5.1
[INFO] [stderr]    Compiling bitflags v1.2.1
[INFO] [stderr]    Compiling proc-macro2 v1.0.19
[INFO] [stdout] error: `$stype:ty` may be followed by `functions`, which is not allowed for `ty` fragments
[INFO] [stdout]   --> /opt/rustwide/cargo-home/registry/src/github.com-1ecc6299db9ec823/dlib-0.1.1/src/lib.rs:39:11
[INFO] [stdout]    |
[INFO] [stdout] 39 |         $(functions: $(fn $fname: ident($($farg: ty),*) -> $fret:ty),+)|*
[INFO] [stdout]    |           ^^^^^^^^^ not allowed after `ty` fragments
[INFO] [stdout]    |
[INFO] [stdout]    = note: allowed there are: `{`, `[`, `=>`, `,`, `>`, `=`, `:`, `;`, `|`, `as` or `where`
[INFO] [stdout] 
[INFO] [stdout] 
[INFO] [stdout] error: `$stype:ty` may be followed by `varargs`, which is not allowed for `ty` fragments
[INFO] [stdout]   --> /opt/rustwide/cargo-home/registry/src/github.com-1ecc6299db9ec823/dlib-0.1.1/src/lib.rs:40:11
[INFO] [stdout]    |
[INFO] [stdout] 40 |         $(varargs: $(fn $vname: ident($($vargs: ty),+ ...) -> $vret: ty),+)|*
[INFO] [stdout]    |           ^^^^^^^ not allowed after `ty` fragments
[INFO] [stdout]    |
[INFO] [stdout]    = note: allowed there are: `{`, `[`, `=>`, `,`, `>`, `=`, `:`, `;`, `|`, `as` or `where`
[INFO] [stdout] 
[INFO] [stdout] 
[INFO] [stdout] error: `$fret:ty` may be followed by `varargs`, which is not allowed for `ty` fragments
[INFO] [stdout]   --> /opt/rustwide/cargo-home/registry/src/github.com-1ecc6299db9ec823/dlib-0.1.1/src/lib.rs:40:11
[INFO] [stdout]    |
[INFO] [stdout] 40 |         $(varargs: $(fn $vname: ident($($vargs: ty),+ ...) -> $vret: ty),+)|*
[INFO] [stdout]    |           ^^^^^^^ not allowed after `ty` fragments
[INFO] [stdout]    |
[INFO] [stdout]    = note: allowed there are: `{`, `[`, `=>`, `,`, `>`, `=`, `:`, `;`, `|`, `as` or `where`
[INFO] [stdout] 
[INFO] [stdout] 
[INFO] [stdout] error: `$vargs:ty` may be followed by `...`, which is not allowed for `ty` fragments
[INFO] [stdout]   --> /opt/rustwide/cargo-home/registry/src/github.com-1ecc6299db9ec823/dlib-0.1.1/src/lib.rs:40:55
[INFO] [stdout]    |
[INFO] [stdout] 40 |         $(varargs: $(fn $vname: ident($($vargs: ty),+ ...) -> $vret: ty),+)|*
[INFO] [stdout]    |                                                       ^^^ not allowed after `ty` fragments
[INFO] [stdout]    |
[INFO] [stdout]    = note: allowed there are: `{`, `[`, `=>`, `,`, `>`, `=`, `:`, `;`, `|`, `as` or `where`
[INFO] [stdout] 
[INFO] [stdout] 
[INFO] [stdout] error: `$stype:ty` may be followed by `functions`, which is not allowed for `ty` fragments
[INFO] [stdout]   --> /opt/rustwide/cargo-home/registry/src/github.com-1ecc6299db9ec823/dlib-0.1.1/src/lib.rs:66:11
[INFO] [stdout]    |
[INFO] [stdout] 66 |         $(functions: $(fn $fname: ident($($farg: ty),*) -> $fret:ty),+)|*
[INFO] [stdout]    |           ^^^^^^^^^ not allowed after `ty` fragments
[INFO] [stdout]    |
[INFO] [stdout]    = note: allowed there are: `{`, `[`, `=>`, `,`, `>`, `=`, `:`, `;`, `|`, `as` or `where`
[INFO] [stdout] 
[INFO] [stdout] 
[INFO] [stdout] error: `$stype:ty` may be followed by `varargs`, which is not allowed for `ty` fragments
[INFO] [stdout]   --> /opt/rustwide/cargo-home/registry/src/github.com-1ecc6299db9ec823/dlib-0.1.1/src/lib.rs:67:11
[INFO] [stdout]    |
[INFO] [stdout] 67 |         $(varargs: $(fn $vname: ident($($vargs: ty),+ ...) -> $vret: ty),+)|*
[INFO] [stdout]    |           ^^^^^^^ not allowed after `ty` fragments
[INFO] [stdout]    |
[INFO] [stdout]    = note: allowed there are: `{`, `[`, `=>`, `,`, `>`, `=`, `:`, `;`, `|`, `as` or `where`
[INFO] [stdout] 
[INFO] [stdout] 
[INFO] [stdout] error: `$fret:ty` may be followed by `varargs`, which is not allowed for `ty` fragments
[INFO] [stdout]   --> /opt/rustwide/cargo-home/registry/src/github.com-1ecc6299db9ec823/dlib-0.1.1/src/lib.rs:67:11
[INFO] [stdout]    |
[INFO] [stdout] 67 |         $(varargs: $(fn $vname: ident($($vargs: ty),+ ...) -> $vret: ty),+)|*
[INFO] [stdout]    |           ^^^^^^^ not allowed after `ty` fragments
[INFO] [stdout]    |
[INFO] [stdout]    = note: allowed there are: `{`, `[`, `=>`, `,`, `>`, `=`, `:`, `;`, `|`, `as` or `where`
[INFO] [stdout] 
[INFO] [stdout] 
[INFO] [stdout] error: `$vargs:ty` may be followed by `...`, which is not allowed for `ty` fragments
[INFO] [stdout]   --> /opt/rustwide/cargo-home/registry/src/github.com-1ecc6299db9ec823/dlib-0.1.1/src/lib.rs:67:55
[INFO] [stdout]    |
[INFO] [stdout] 67 |         $(varargs: $(fn $vname: ident($($vargs: ty),+ ...) -> $vret: ty),+)|*
[INFO] [stdout]    |                                                       ^^^ not allowed after `ty` fragments
[INFO] [stdout]    |
[INFO] [stdout]    = note: allowed there are: `{`, `[`, `=>`, `,`, `>`, `=`, `:`, `;`, `|`, `as` or `where`
[INFO] [stdout] 
[INFO] [stdout] 
[INFO] [stdout] error: `$stype:ty` may be followed by `functions`, which is not allowed for `ty` fragments
[INFO] [stdout]   --> /opt/rustwide/cargo-home/registry/src/github.com-1ecc6299db9ec823/dlib-0.1.1/src/lib.rs:83:11
[INFO] [stdout]    |
[INFO] [stdout] 83 |         $(functions: $(fn $fname: ident($($farg: ty),*) -> $fret:ty),+)|*
[INFO] [stdout]    |           ^^^^^^^^^ not allowed after `ty` fragments
[INFO] [stdout]    |
[INFO] [stdout]    = note: allowed there are: `{`, `[`, `=>`, `,`, `>`, `=`, `:`, `;`, `|`, `as` or `where`
[INFO] [stdout] 
[INFO] [stdout] 
[INFO] [stdout] error: `$stype:ty` may be followed by `varargs`, which is not allowed for `ty` fragments
[INFO] [stdout]   --> /opt/rustwide/cargo-home/registry/src/github.com-1ecc6299db9ec823/dlib-0.1.1/src/lib.rs:84:11
[INFO] [stdout]    |
[INFO] [stdout] 84 |         $(varargs: $(fn $vname: ident($($vargs: ty),+ ...) -> $vret: ty),+)|*
[INFO] [stdout]    |           ^^^^^^^ not allowed after `ty` fragments
[INFO] [stdout]    |
[INFO] [stdout]    = note: allowed there are: `{`, `[`, `=>`, `,`, `>`, `=`, `:`, `;`, `|`, `as` or `where`
[INFO] [stdout] 
[INFO] [stdout] 
[INFO] [stdout] error: `$fret:ty` may be followed by `varargs`, which is not allowed for `ty` fragments
[INFO] [stdout]   --> /opt/rustwide/cargo-home/registry/src/github.com-1ecc6299db9ec823/dlib-0.1.1/src/lib.rs:84:11
[INFO] [stdout]    |
[INFO] [stdout] 84 |         $(varargs: $(fn $vname: ident($($vargs: ty),+ ...) -> $vret: ty),+)|*
[INFO] [stdout]    |           ^^^^^^^ not allowed after `ty` fragments
[INFO] [stdout]    |
[INFO] [stdout]    = note: allowed there are: `{`, `[`, `=>`, `,`, `>`, `=`, `:`, `;`, `|`, `as` or `where`
[INFO] [stdout] 
[INFO] [stdout] 
[INFO] [stdout] error: `$vargs:ty` may be followed by `...`, which is not allowed for `ty` fragments
[INFO] [stdout]   --> /opt/rustwide/cargo-home/registry/src/github.com-1ecc6299db9ec823/dlib-0.1.1/src/lib.rs:84:55
[INFO] [stdout]    |
[INFO] [stdout] 84 |         $(varargs: $(fn $vname: ident($($vargs: ty),+ ...) -> $vret: ty),+)|*
[INFO] [stdout]    |                                                       ^^^ not allowed after `ty` fragments
[INFO] [stdout]    |
[INFO] [stdout]    = note: allowed there are: `{`, `[`, `=>`, `,`, `>`, `=`, `:`, `;`, `|`, `as` or `where`
[INFO] [stdout] 
[INFO] [stdout] 
[INFO] [stdout] error: `$stype:ty` may be followed by `functions`, which is not allowed for `ty` fragments
[INFO] [stdout]    --> /opt/rustwide/cargo-home/registry/src/github.com-1ecc6299db9ec823/dlib-0.1.1/src/lib.rs:134:11
[INFO] [stdout]     |
[INFO] [stdout] 134 |         $(functions: $(fn $fname: ident($($farg: ty),*) -> $fret:ty),+)|*
[INFO] [stdout]     |           ^^^^^^^^^ not allowed after `ty` fragments
[INFO] [stdout]     |
[INFO] [stdout]     = note: allowed there are: `{`, `[`, `=>`, `,`, `>`, `=`, `:`, `;`, `|`, `as` or `where`
[INFO] [stdout] 
[INFO] [stdout] 
[INFO] [stdout] error: `$stype:ty` may be followed by `varargs`, which is not allowed for `ty` fragments
[INFO] [stdout]    --> /opt/rustwide/cargo-home/registry/src/github.com-1ecc6299db9ec823/dlib-0.1.1/src/lib.rs:135:11
[INFO] [stdout]     |
[INFO] [stdout] 135 |         $(varargs: $(fn $vname: ident($($vargs: ty),+ ...) -> $vret: ty),+)|*
[INFO] [stdout]     |           ^^^^^^^ not allowed after `ty` fragments
[INFO] [stdout]     |
[INFO] [stdout]     = note: allowed there are: `{`, `[`, `=>`, `,`, `>`, `=`, `:`, `;`, `|`, `as` or `where`
[INFO] [stdout] 
[INFO] [stdout] 
[INFO] [stdout] error: `$fret:ty` may be followed by `varargs`, which is not allowed for `ty` fragments
[INFO] [stdout]    --> /opt/rustwide/cargo-home/registry/src/github.com-1ecc6299db9ec823/dlib-0.1.1/src/lib.rs:135:11
[INFO] [stdout]     |
[INFO] [stdout] 135 |         $(varargs: $(fn $vname: ident($($vargs: ty),+ ...) -> $vret: ty),+)|*
[INFO] [stdout]     |           ^^^^^^^ not allowed after `ty` fragments
[INFO] [stdout]     |
[INFO] [stdout]     = note: allowed there are: `{`, `[`, `=>`, `,`, `>`, `=`, `:`, `;`, `|`, `as` or `where`
[INFO] [stdout] 
[INFO] [stdout] 
[INFO] [stdout] error: `$vargs:ty` may be followed by `...`, which is not allowed for `ty` fragments
[INFO] [stdout]    --> /opt/rustwide/cargo-home/registry/src/github.com-1ecc6299db9ec823/dlib-0.1.1/src/lib.rs:135:55
[INFO] [stdout]     |
[INFO] [stdout] 135 |         $(varargs: $(fn $vname: ident($($vargs: ty),+ ...) -> $vret: ty),+)|*
[INFO] [stdout]     |                                                       ^^^ not allowed after `ty` fragments
[INFO] [stdout]     |
[INFO] [stdout]     = note: allowed there are: `{`, `[`, `=>`, `,`, `>`, `=`, `:`, `;`, `|`, `as` or `where`
[INFO] [stdout] 
[INFO] [stdout] 
[INFO] [stdout] error: `$stype:ty` may be followed by `functions`, which is not allowed for `ty` fragments
[INFO] [stdout]    --> /opt/rustwide/cargo-home/registry/src/github.com-1ecc6299db9ec823/dlib-0.1.1/src/lib.rs:172:11
[INFO] [stdout]     |
[INFO] [stdout] 172 |         $(functions: $(fn $fname: ident($($farg: ty),*) -> $fret:ty),+)|*
[INFO] [stdout]     |           ^^^^^^^^^ not allowed after `ty` fragments
[INFO] [stdout]     |
[INFO] [stdout]     = note: allowed there are: `{`, `[`, `=>`, `,`, `>`, `=`, `:`, `;`, `|`, `as` or `where`
[INFO] [stdout] 
[INFO] [stdout] 
[INFO] [stdout] error: `$stype:ty` may be followed by `varargs`, which is not allowed for `ty` fragments
[INFO] [stdout]    --> /opt/rustwide/cargo-home/registry/src/github.com-1ecc6299db9ec823/dlib-0.1.1/src/lib.rs:173:11
[INFO] [stdout]     |
[INFO] [stdout] 173 |         $(varargs: $(fn $vname: ident($($vargs: ty),+ ...) -> $vret: ty),+)|*
[INFO] [stdout]     |           ^^^^^^^ not allowed after `ty` fragments
[INFO] [stdout]     |
[INFO] [stdout]     = note: allowed there are: `{`, `[`, `=>`, `,`, `>`, `=`, `:`, `;`, `|`, `as` or `where`
[INFO] [stdout] 
[INFO] [stdout] 
[INFO] [stdout] error: `$fret:ty` may be followed by `varargs`, which is not allowed for `ty` fragments
[INFO] [stdout]    --> /opt/rustwide/cargo-home/registry/src/github.com-1ecc6299db9ec823/dlib-0.1.1/src/lib.rs:173:11
[INFO] [stdout]     |
[INFO] [stdout] 173 |         $(varargs: $(fn $vname: ident($($vargs: ty),+ ...) -> $vret: ty),+)|*
[INFO] [stdout]     |           ^^^^^^^ not allowed after `ty` fragments
[INFO] [stdout]     |
[INFO] [stdout]     = note: allowed there are: `{`, `[`, `=>`, `,`, `>`, `=`, `:`, `;`, `|`, `as` or `where`
[INFO] [stdout] 
[INFO] [stdout] 
[INFO] [stdout] error: `$vargs:ty` may be followed by `...`, which is not allowed for `ty` fragments
[INFO] [stdout]    --> /opt/rustwide/cargo-home/registry/src/github.com-1ecc6299db9ec823/dlib-0.1.1/src/lib.rs:173:55
[INFO] [stdout]     |
[INFO] [stdout] 173 |         $(varargs: $(fn $vname: ident($($vargs: ty),+ ...) -> $vret: ty),+)|*
[INFO] [stdout]     |                                                       ^^^ not allowed after `ty` fragments
[INFO] [stdout]     |
[INFO] [stdout]     = note: allowed there are: `{`, `[`, `=>`, `,`, `>`, `=`, `:`, `;`, `|`, `as` or `where`
[INFO] [stdout] 
[INFO] [stdout] 
[INFO] [stderr]     Checking pistoncore-input v0.4.0
[INFO] [stdout] error: aborting due to 20 previous errors
[INFO] [stdout] 
[INFO] [stdout] 
[INFO] [stderr] error: could not compile `dlib`.
[INFO] [stderr] 
[INFO] [stderr] To learn more, run the command again with --verbose.
[INFO] [stderr] warning: build failed, waiting for other jobs to finish...
[INFO] [stdout] error[E0277]: the size for values of type `Self` cannot be known at compilation time
[INFO] [stdout]    --> /opt/rustwide/cargo-home/registry/src/github.com-1ecc6299db9ec823/pistoncore-input-0.4.0/src/mouse.rs:82:53
[INFO] [stdout]     |
[INFO] [stdout] 82  |     fn from_xy(x: f64, y: f64, old_event: &Self) -> Option<Self>;
[INFO] [stdout]     |                                                     ^^^^^^^^^^^^ doesn't have a size known at compile-time
[INFO] [stdout]     |
[INFO] [stdout]     = help: the trait `std::marker::Sized` is not implemented for `Self`
[INFO] [stdout]     = note: to learn more, visit <https://doc.rust-lang.org/book/ch19-04-advanced-types.html#dynamically-sized-types-and-the-sized-trait>
[INFO] [stdout] help: consider further restricting `Self`
[INFO] [stdout]     |
[INFO] [stdout] 82  |     fn from_xy(x: f64, y: f64, old_event: &Self) -> Option<Self> where Self: std::marker::Sized;
[INFO] [stdout]     |                                                                  ^^^^^^^^^^^^^^^^^^^^^^^^^^^^^^
[INFO] [stdout] 
[INFO] [stdout] 
[INFO] [stdout] error[E0277]: the size for values of type `Self` cannot be known at compilation time
[INFO] [stdout]    --> /opt/rustwide/cargo-home/registry/src/github.com-1ecc6299db9ec823/pistoncore-input-0.4.0/src/mouse.rs:116:53
[INFO] [stdout]     |
[INFO] [stdout] 116 |     fn from_xy(x: f64, y: f64, old_event: &Self) -> Option<Self>;
[INFO] [stdout]     |                                                     ^^^^^^^^^^^^ doesn't have a size known at compile-time
[INFO] [stdout]     |
[INFO] [stdout]     = help: the trait `std::marker::Sized` is not implemented for `Self`
[INFO] [stdout]     = note: to learn more, visit <https://doc.rust-lang.org/book/ch19-04-advanced-types.html#dynamically-sized-types-and-the-sized-trait>
[INFO] [stdout] help: consider further restricting `Self`
[INFO] [stdout]     |
[INFO] [stdout] 116 |     fn from_xy(x: f64, y: f64, old_event: &Self) -> Option<Self> where Self: std::marker::Sized;
[INFO] [stdout]     |                                                                  ^^^^^^^^^^^^^^^^^^^^^^^^^^^^^^
[INFO] [stdout] 
[INFO] [stdout] 
[INFO] [stdout] error[E0277]: the size for values of type `Self` cannot be known at compilation time
[INFO] [stdout]    --> /opt/rustwide/cargo-home/registry/src/github.com-1ecc6299db9ec823/pistoncore-input-0.4.0/src/mouse.rs:150:53
[INFO] [stdout]     |
[INFO] [stdout] 150 |     fn from_xy(x: f64, y: f64, old_event: &Self) -> Option<Self>;
[INFO] [stdout]     |                                                     ^^^^^^^^^^^^ doesn't have a size known at compile-time
[INFO] [stdout]     |
[INFO] [stdout]     = help: the trait `std::marker::Sized` is not implemented for `Self`
[INFO] [stdout]     = note: to learn more, visit <https://doc.rust-lang.org/book/ch19-04-advanced-types.html#dynamically-sized-types-and-the-sized-trait>
[INFO] [stdout] help: consider further restricting `Self`
[INFO] [stdout]     |
[INFO] [stdout] 150 |     fn from_xy(x: f64, y: f64, old_event: &Self) -> Option<Self> where Self: std::marker::Sized;
[INFO] [stdout]     |                                                                  ^^^^^^^^^^^^^^^^^^^^^^^^^^^^^^
[INFO] [stdout] 
[INFO] [stdout] 
[INFO] [stdout] error[E0277]: the size for values of type `Self` cannot be known at compilation time
[INFO] [stdout]    --> /opt/rustwide/cargo-home/registry/src/github.com-1ecc6299db9ec823/pistoncore-input-0.4.0/src/generic_event.rs:39:69
[INFO] [stdout]     |
[INFO] [stdout] 39  |     fn from_args(event_id: EventId, any: &Any, old_event: &Self) -> Option<Self>;
[INFO] [stdout]     |                                                                     ^^^^^^^^^^^^ doesn't have a size known at compile-time
[INFO] [stdout]     |
[INFO] [stdout]     = help: the trait `std::marker::Sized` is not implemented for `Self`
[INFO] [stdout]     = note: to learn more, visit <https://doc.rust-lang.org/book/ch19-04-advanced-types.html#dynamically-sized-types-and-the-sized-trait>
[INFO] [stdout] help: consider further restricting `Self`
[INFO] [stdout]     |
[INFO] [stdout] 39  |     fn from_args(event_id: EventId, any: &Any, old_event: &Self) -> Option<Self> where Self: std::marker::Sized;
[INFO] [stdout]     |                                                                                  ^^^^^^^^^^^^^^^^^^^^^^^^^^^^^^
[INFO] [stdout] 
[INFO] [stdout] 
[INFO] [stdout] error[E0277]: the size for values of type `Self` cannot be known at compilation time
[INFO] [stdout]    --> /opt/rustwide/cargo-home/registry/src/github.com-1ecc6299db9ec823/pistoncore-input-0.4.0/src/render.rs:35:65
[INFO] [stdout]     |
[INFO] [stdout] 35  |     fn from_render_args(args: &RenderArgs, old_event: &Self) -> Option<Self>;
[INFO] [stdout]     |                                                                 ^^^^^^^^^^^^ doesn't have a size known at compile-time
[INFO] [stdout]     |
[INFO] [stdout]     = help: the trait `std::marker::Sized` is not implemented for `Self`
[INFO] [stdout]     = note: to learn more, visit <https://doc.rust-lang.org/book/ch19-04-advanced-types.html#dynamically-sized-types-and-the-sized-trait>
[INFO] [stdout] help: consider further restricting `Self`
[INFO] [stdout]     |
[INFO] [stdout] 35  |     fn from_render_args(args: &RenderArgs, old_event: &Self) -> Option<Self> where Self: std::marker::Sized;
[INFO] [stdout]     |                                                                              ^^^^^^^^^^^^^^^^^^^^^^^^^^^^^^
[INFO] [stdout] 
[INFO] [stdout] 
[INFO] [stdout] error[E0277]: the size for values of type `Self` cannot be known at compilation time
[INFO] [stdout]    --> /opt/rustwide/cargo-home/registry/src/github.com-1ecc6299db9ec823/pistoncore-input-0.4.0/src/after_render.rs:13:76
[INFO] [stdout]     |
[INFO] [stdout] 13  |     fn from_after_render_args(args: &AfterRenderArgs, old_event: &Self) -> Option<Self>;
[INFO] [stdout]     |                                                                            ^^^^^^^^^^^^ doesn't have a size known at compile-time
[INFO] [stdout]     |
[INFO] [stdout]     = help: the trait `std::marker::Sized` is not implemented for `Self`
[INFO] [stdout]     = note: to learn more, visit <https://doc.rust-lang.org/book/ch19-04-advanced-types.html#dynamically-sized-types-and-the-sized-trait>
[INFO] [stdout] help: consider further restricting `Self`
[INFO] [stdout]     |
[INFO] [stdout] 13  |     fn from_after_render_args(args: &AfterRenderArgs, old_event: &Self) -> Option<Self> where Self: std::marker::Sized;
[INFO] [stdout]     |                                                                                         ^^^^^^^^^^^^^^^^^^^^^^^^^^^^^^
[INFO] [stdout] 
[INFO] [stdout] 
[INFO] [stdout] error[E0277]: the size for values of type `Self` cannot be known at compilation time
[INFO] [stdout]    --> /opt/rustwide/cargo-home/registry/src/github.com-1ecc6299db9ec823/pistoncore-input-0.4.0/src/press.rs:8:57
[INFO] [stdout]     |
[INFO] [stdout] 8   |     fn from_button(button: Button, old_event: &Self) -> Option<Self>;
[INFO] [stdout]     |                                                         ^^^^^^^^^^^^ doesn't have a size known at compile-time
[INFO] [stdout]     |
[INFO] [stdout]     = help: the trait `std::marker::Sized` is not implemented for `Self`
[INFO] [stdout]     = note: to learn more, visit <https://doc.rust-lang.org/book/ch19-04-advanced-types.html#dynamically-sized-types-and-the-sized-trait>
[INFO] [stdout] help: consider further restricting `Self`
[INFO] [stdout]     |
[INFO] [stdout] 8   |     fn from_button(button: Button, old_event: &Self) -> Option<Self> where Self: std::marker::Sized;
[INFO] [stdout]     |                                                                      ^^^^^^^^^^^^^^^^^^^^^^^^^^^^^^
[INFO] [stdout] 
[INFO] [stdout] 
[INFO] [stdout] error[E0277]: the size for values of type `Self` cannot be known at compilation time
[INFO] [stdout]    --> /opt/rustwide/cargo-home/registry/src/github.com-1ecc6299db9ec823/pistoncore-input-0.4.0/src/release.rs:8:57
[INFO] [stdout]     |
[INFO] [stdout] 8   |     fn from_button(button: Button, old_event: &Self) -> Option<Self>;
[INFO] [stdout]     |                                                         ^^^^^^^^^^^^ doesn't have a size known at compile-time
[INFO] [stdout]     |
[INFO] [stdout]     = help: the trait `std::marker::Sized` is not implemented for `Self`
[INFO] [stdout]     = note: to learn more, visit <https://doc.rust-lang.org/book/ch19-04-advanced-types.html#dynamically-sized-types-and-the-sized-trait>
[INFO] [stdout] help: consider further restricting `Self`
[INFO] [stdout]     |
[INFO] [stdout] 8   |     fn from_button(button: Button, old_event: &Self) -> Option<Self> where Self: std::marker::Sized;
[INFO] [stdout]     |                                                                      ^^^^^^^^^^^^^^^^^^^^^^^^^^^^^^
[INFO] [stdout] 
[INFO] [stdout] 
[INFO] [stdout] error[E0277]: the size for values of type `Self` cannot be known at compilation time
[INFO] [stdout]    --> /opt/rustwide/cargo-home/registry/src/github.com-1ecc6299db9ec823/pistoncore-input-0.4.0/src/text.rs:9:51
[INFO] [stdout]     |
[INFO] [stdout] 9   |     fn from_text(text: &str, old_event: &Self) -> Option<Self>;
[INFO] [stdout]     |                                                   ^^^^^^^^^^^^ doesn't have a size known at compile-time
[INFO] [stdout]     |
[INFO] [stdout]     = help: the trait `std::marker::Sized` is not implemented for `Self`
[INFO] [stdout]     = note: to learn more, visit <https://doc.rust-lang.org/book/ch19-04-advanced-types.html#dynamically-sized-types-and-the-sized-trait>
[INFO] [stdout] help: consider further restricting `Self`
[INFO] [stdout]     |
[INFO] [stdout] 9   |     fn from_text(text: &str, old_event: &Self) -> Option<Self> where Self: std::marker::Sized;
[INFO] [stdout]     |                                                                ^^^^^^^^^^^^^^^^^^^^^^^^^^^^^^
[INFO] [stdout] 
[INFO] [stdout] 
[INFO] [stdout] error[E0277]: the size for values of type `Self` cannot be known at compilation time
[INFO] [stdout]    --> /opt/rustwide/cargo-home/registry/src/github.com-1ecc6299db9ec823/pistoncore-input-0.4.0/src/resize.rs:8:63
[INFO] [stdout]     |
[INFO] [stdout] 8   |     fn from_width_height(w: u32, h: u32, old_event: &Self) -> Option<Self>;
[INFO] [stdout]     |                                                               ^^^^^^^^^^^^ doesn't have a size known at compile-time
[INFO] [stdout]     |
[INFO] [stdout]     = help: the trait `std::marker::Sized` is not implemented for `Self`
[INFO] [stdout]     = note: to learn more, visit <https://doc.rust-lang.org/book/ch19-04-advanced-types.html#dynamically-sized-types-and-the-sized-trait>
[INFO] [stdout] help: consider further restricting `Self`
[INFO] [stdout]     |
[INFO] [stdout] 8   |     fn from_width_height(w: u32, h: u32, old_event: &Self) -> Option<Self> where Self: std::marker::Sized;
[INFO] [stdout]     |                                                                            ^^^^^^^^^^^^^^^^^^^^^^^^^^^^^^
[INFO] [stdout] 
[INFO] [stdout] 
[INFO] [stdout] error[E0277]: the size for values of type `Self` cannot be known at compilation time
[INFO] [stdout]    --> /opt/rustwide/cargo-home/registry/src/github.com-1ecc6299db9ec823/pistoncore-input-0.4.0/src/focus.rs:8:57
[INFO] [stdout]     |
[INFO] [stdout] 8   |     fn from_focused(focused: bool, old_event: &Self) -> Option<Self>;
[INFO] [stdout]     |                                                         ^^^^^^^^^^^^ doesn't have a size known at compile-time
[INFO] [stdout]     |
[INFO] [stdout]     = help: the trait `std::marker::Sized` is not implemented for `Self`
[INFO] [stdout]     = note: to learn more, visit <https://doc.rust-lang.org/book/ch19-04-advanced-types.html#dynamically-sized-types-and-the-sized-trait>
[INFO] [stdout] help: consider further restricting `Self`
[INFO] [stdout]     |
[INFO] [stdout] 8   |     fn from_focused(focused: bool, old_event: &Self) -> Option<Self> where Self: std::marker::Sized;
[INFO] [stdout]     |                                                                      ^^^^^^^^^^^^^^^^^^^^^^^^^^^^^^
[INFO] [stdout] 
[INFO] [stdout] 
[INFO] [stdout] error: aborting due to 11 previous errors
[INFO] [stdout] 
[INFO] [stdout] 
[INFO] [stdout] For more information about this error, try `rustc --explain E0277`.
[INFO] [stdout] 
[INFO] [stderr] error: build failed
[INFO] running `Command { std: "docker" "inspect" "41be39a4b77c43b31ecf44b4147b6676caed2d6a67675dc9bdac9eced772286e", kill_on_drop: false }`
[INFO] running `Command { std: "docker" "rm" "-f" "41be39a4b77c43b31ecf44b4147b6676caed2d6a67675dc9bdac9eced772286e", kill_on_drop: false }`
[INFO] [stdout] 41be39a4b77c43b31ecf44b4147b6676caed2d6a67675dc9bdac9eced772286e
